 699, -v = -n + 171. Suppose -183*i + n*i = -1764. What is the units digit of i?
2
Let s(t) = t**3 - 21*t**2 - 21*t - 20. Let g be s(22). Suppose 4*o - 527 = 5*k, 3*k - 631 = -3*o - g*o. Suppose b + 4 = o. What is the units digit of b?
4
Let l(x) be the second derivative of 35*x**3/3 + 3*x**2/2 - 21*x. Let g be l(-1). What is the tens digit of g/(-3) - 20/15?
2
Let r be 2/(-8) - (-3 - 60/(-16)). Let b be (3 - 3 - 20)/(2/r). Let o = b - 5. What is the units digit of o?
5
Suppose 40*w = 42*w + 2*b - 64090, 9*w = -2*b + 288419. What is the thousands digit of w?
2
Let s(f) = 61*f + 17 - 141*f + 52*f + 45*f. What is the tens digit of s(10)?
8
Suppose 16*y = -11*b + 20*y + 52046, y - 14209 = -3*b. What is the hundreds digit of b?
7
Let b = -540 + 558. Suppose 10032 = b*y - 2*y. What is the units digit of y?
7
Let s be (-85)/(-17)*10*(-1)/(-2). Suppose s = 3*n - 3*q - 1058, -3*n + 4*q = -1087. What is the units digit of n?
7
Suppose 53*s - 55*s = -2*l - 66944, -3*s + 2*l = -100415. What is the hundreds digit of s?
4
Let v = 20792 + 1172. What is the thousands digit of v?
1
Let v be (-6)/(-30) - (-19)/5. Let k(s) = 3*s + 7*s**2 + 9*s**2 - v*s**2 + 24 - 22. What is the tens digit of k(-1)?
1
Let u be (-15)/6*(-32)/40. Suppose -588 - 2 = -u*b. What is the units digit of (-2)/(-4)*(b + -3)?
6
Let p be 5 + -10 - -6 - 0. What is the units digit of (3 - 4/(-12))*234/p?
0
Let r(i) = 1022*i**2 - 35*i + 96. What is the hundreds digit of r(3)?
1
What is the hundreds digit of (-8)/(-76) + 8139717/513?
8
Let b = 264 - 262. Suppose -2999 = -b*t + 5*o, 2*t + t - 4473 = -o. What is the tens digit of t?
9
Suppose 2*k - 10 = -d + 2*d, k - 5*d = 5. Suppose -3*g = 3*n - 2025, -2*n + 1001 = -k*g - 384. What is the hundreds digit of n?
6
Suppose -15*v = -18*v + 5*b + 11407, -3*v + 4*b = -11411. What is the hundreds digit of v?
8
Suppose -49*s = -1547262 + 400025. What is the tens digit of s?
1
Let q(y) = 73*y - 2. Let d be q(-1). Let g = -137 - d. Let i = -28 - g. What is the units digit of i?
4
Let n = -8 + 13. Suppose -n*k + 9*k - 524 = 0. Let i = k + -45. What is the tens digit of i?
8
Let v = -1064 + 4805. What is the units digit of v?
1
Suppose -58*u - 74*u + 156*u = 418848. What is the hundreds digit of u?
4
Let l be (-1083)/(-27)*-83 + (-12)/(-54). Let v = -2020 - l. What is the thousands digit of v?
1
Let n = -16 + 18. Suppose s - 3 = -3*p + 7, 4*s = -n*p + 20. What is the units digit of (3 + -2)/(p/252)?
6
Let i(x) = -7*x - 9. Let a be i(-5). Suppose 0 = 6*p - a - 64. Let r = -8 + p. What is the units digit of r?
7
Let s be -3 - (-4 + -4) - 4. Let b(x) = 333*x**2 - 2*x + 3. What is the units digit of b(s)?
4
Let v(c) = 20*c**2 - 389*c - 37. What is the units digit of v(26)?
9
Suppose 601*f = 637*f - 541512. What is the units digit of f?
2
Let z be 20823/4 - 18/24. Let k = -3498 + z. Suppose -k = -8*f - 403. What is the tens digit of f?
6
Suppose -4*g + 16634 = 5*h, 5*g + 1365 = -3*h + 22177. What is the hundreds digit of g?
1
Let g(d) = d**2 - 3*d + 10. Let s be g(4). What is the hundreds digit of ((-1995)/s)/(12/(-32))?
3
Let h(x) be the third derivative of x**5/60 + x**4/8 - x**3/3 - 36*x**2 + x + 1. Suppose 2*z + 39 = -z. What is the hundreds digit of h(z)?
1
Suppose -g = -6 - 7. Let b(d) = -g + 3*d**2 - 7 + 28 - 11 - 25*d. What is the units digit of b(12)?
9
Let n(p) be the second derivative of -p**4/6 + p**3/2 + p**2 - 5*p. Let k be n(-2). Let c = 36 + k. What is the units digit of c?
4
Suppose 37*z - 104109 = 3011698. What is the units digit of z?
1
Let j(v) = 2*v + 20. Let d(z) = -5*z - 60. Let w(t) = -4*d(t) - 11*j(t). Let r be w(9). What is the units digit of r/(-10) + 1082/10?
8
Let r = 65 - 62. Suppose 0 = -r*f + 2*f - f. Suppose f = -2*h - h + 519. What is the hundreds digit of h?
1
Suppose 5*a - 4*p - 48561 = 0, 9735 = -7*a + 8*a + 3*p. What is the hundreds digit of a?
7
Suppose 7*c - 10 = 4*c + s, 4*s + 4 = 0. Suppose 979 + 611 = c*g. What is the hundreds digit of g?
5
Let v = -43 - -44. Suppose 5 = 3*b - v. What is the tens digit of 25*(b + -5 + 4)?
2
Let l(a) be the third derivative of a**5/60 - a**4/8 - 10*a**3 - 24*a**2 + 2. What is the tens digit of l(-13)?
4
Suppose 4*d + 22511 = 4*b - 641, -2*d = -8. What is the hundreds digit of b?
7
Let g = 18064 - 13034. What is the hundreds digit of g?
0
Suppose 3*t + 1 = -5*u, 5*t + 0*t = 4*u + 23. What is the units digit of (-17882)/(-22) - u/11?
3
Let v(b) = b**3 + 2*b**2 - 23*b + 17. Let w be v(-6). Suppose 5*k = w*k - 1776. What is the hundreds digit of k?
2
What is the tens digit of (-32 - -4)/(-7)*2389?
5
Suppose -5*v = -4*v + 79. Let t be (v + 1)/((-14)/49). Suppose t = 4*q - u, 5*q + u = q + 279. What is the tens digit of q?
6
Suppose -22461 = -5*h - l, 5208 = 2*h - 2*l - 3786. What is the units digit of h?
3
Suppose -3*t = 5*i - 7059 + 1576, -t = -3*i + 3301. Suppose 4*q + 1212 = 2*u, i = 2*u - 3*q - 109. What is the tens digit of u?
9
Suppose -4*u + 4*b + 24 = 0, -5*u + 2*b = 7*b. Suppose -u*x = -16*x + 1482. What is the hundreds digit of x?
1
Let u(x) = 39*x**3 + 3*x**2 - 35*x + 11. What is the thousands digit of u(4)?
2
Let v be (-14)/((-39)/(-41) - 1). Suppose 2*f = -2*a + 18, 5*f - 48 + 15 = -a. What is the units digit of 1/a*(-20 + v)?
9
Let z = -310 + 1398. Let w = z - 388. What is the tens digit of w?
0
Let j be (30/42)/(-5) + (-1)/(-7). Suppose -4*r + 3*r = -210. Suppose 2*m - 128 = 4*t - 26, j = -4*m + 5*t + r. What is the units digit of m?
5
Suppose -121 + 124 = 3*n, -n + 16645 = 4*x. What is the thousands digit of x?
4
Suppose -2*u + 10*u - u - 239134 = 0. What is the tens digit of u?
6
Suppose 3*g - 29*o = -24*o + 4362, 0 = 5*g + 5*o - 7350. What is the hundreds digit of g?
4
Suppose 4*v + t + 2*t - 5505 = 0, 4*t = 5*v - 6920. What is the tens digit of v?
8
Suppose 0 = -3*o - g - 2*g + 10818, 3*o - 10783 = 2*g. What is the hundreds digit of o?
5
Let u(k) = -k**3 + 35*k**2 + 221*k - 98. What is the hundreds digit of u(40)?
7
Suppose 47*z = -38*z + 170. Let r be 92/6 + 6/9. Suppose -3*q + 222 = c + z*c, -4*c = r. What is the tens digit of q?
7
Let q be 8/(-16)*20*-1. Suppose q = 5*s, 7*t = 4*t + 5*s + 3125. What is the tens digit of t?
4
Let u be 2 - -1 - 1/((-3)/12). Suppose 8*x - u*x = 170. What is the hundreds digit of x?
1
Let d = -7695 + 26867. What is the hundreds digit of d?
1
Let d be (2/(-4))/((-2)/16). Suppose 4*h + 6*s - 494 = 4*s, d*s = -h + 134. Let q = -24 + h. What is the units digit of q?
8
Suppose -9*m - 15907 = -119*m + 36233. What is the units digit of m?
4
Let b be 4/6 + 4/3. Suppose -3 = -3*h - u, u = 7*h - 3*h + 3. Suppose b*y = -2*y + g + 683, h = y - g - 173. What is the tens digit of y?
7
Let x(d) = d**2 + 51*d + 161. Let q be x(-31). Suppose -5*c + 210 = 1320. Let i = c - q. What is the tens digit of i?
3
Suppose 20*d = -2*v + 19*d + 8058, 0 = 2*v + 4*d - 8058. What is the tens digit of v?
2
Let j(t) = 135*t**2 + 2*t + 5. Let q be j(-4). Suppose 3219 + q = 6*g. What is the tens digit of g?
9
Let g = 46541 - 30482. What is the thousands digit of g?
6
What is the units digit of 7817190/200 - (-4)/80?
6
Let u = 2077 - -5961. What is the tens digit of u?
3
Let q(g) = -7*g**2 + 2*g**2 - 16 + 28*g**3 - 4*g**2 + 17 + 2*g. What is the units digit of q(3)?
2
Let m = -15713 - -24300. What is the hundreds digit of m?
5
Suppose -84*p = p + 17*p - 254388. What is the hundreds digit of p?
4
Suppose 30*g - 7*g - 1001916 = -13*g. What is the tens digit of g?
3
Let z be 6/4*(23 - -7). What is the units digit of ((-54)/z)/((-4)/10) + 33?
6
Let b(l) = 415*l - 287. Let h(f) = 83*f - 57. Let w(t) = -2*b(t) + 11*h(t). What is the units digit of w(5)?
2
Let v(r) = -267*r + 3858. What is the tens digit of v(-120)?
9
Let o = 33164 - 17042. What is the tens digit of o?
2
Let f(j) = -j**2 - 7*j + 6. Let c(b) = b**2 + b - 1. Let s(k) = -3*c(k) - f(k). Let w be s(2). What is the units digit of 2 + -1 + w + 67?
5
Suppose 0 = t + 2 - 5, t = u - 1. Let z be (2/u*6)/(33/22). What is the units digit of 1 - (-37)/4*2*z?
8
Let y = 34 + -29. Suppose a + 3*h + h = -y, 6 = -3*h. Suppose 0*i + 2*i - g - 28 = 0, 2*g + 44 = a*i. What is the units digit of i?
2
Let p = 25028 + -1138. What is the thousands digit of p?
3
Let h = -243 + 246. Suppose 4*m - 140 = 3*m - f, h*m - 412 = -f. What is the t